[INFO] cloning repository https://github.com/RaspberryCheesecake/guessing_game
[INFO] running `Command { std: "git" "-c" "credential.helper=" "-c" "credential.helper=/workspace/cargo-home/bin/git-credential-null" "clone" "--bare" "https://github.com/RaspberryCheesecake/guessing_game" "/workspace/cache/git-repos/https%3A%2F%2Fgithub.com%2FRaspberryCheesecake%2Fguessing_game", kill_on_drop: false }`
[INFO] [stderr] Cloning into bare repository '/workspace/cache/git-repos/https%3A%2F%2Fgithub.com%2FRaspberryCheesecake%2Fguessing_game'...
[INFO] running `Command { std: "git" "rev-parse" "HEAD", kill_on_drop: false }`
[INFO] [stdout] 4ed6a6fc4022bfbe0adbc6f550d3b9c9f45a5004
[INFO] checking RaspberryCheesecake/guessing_game against try#72f88fc4e9458f89516a0b8b0868f3718aec5b47 for pr-74989
[INFO] running `Command { std: "git" "clone" "/workspace/cache/git-repos/https%3A%2F%2Fgithub.com%2FRaspberryCheesecake%2Fguessing_game" "/workspace/builds/worker-3/source", kill_on_drop: false }`
[INFO] [stderr] Cloning into '/workspace/builds/worker-3/source'...
[INFO] [stderr] done.
[INFO] validating manifest of git repo https://github.com/RaspberryCheesecake/guessing_game on toolchain 72f88fc4e9458f89516a0b8b0868f3718aec5b47
[INFO] running `Command { std: "/workspace/cargo-home/bin/cargo" "+72f88fc4e9458f89516a0b8b0868f3718aec5b47" "read-manifest" "--manifest-path" "Cargo.toml", kill_on_drop: false }`
[INFO] started tweaking git repo https://github.com/RaspberryCheesecake/guessing_game
[INFO] finished tweaking git repo https://github.com/RaspberryCheesecake/guessing_game
[INFO] tweaked toml for git repo https://github.com/RaspberryCheesecake/guessing_game written to /workspace/builds/worker-3/source/Cargo.toml
[INFO] crate git repo https://github.com/RaspberryCheesecake/guessing_game already has a lockfile, it will not be regenerated
[INFO] running `Command { std: "/workspace/cargo-home/bin/cargo" "+72f88fc4e9458f89516a0b8b0868f3718aec5b47" "fetch" "--locked" "--manifest-path" "Cargo.toml", kill_on_drop: false }`
[INFO] running `Command { std: "docker" "create" "-v" "/var/lib/crater-agent-workspace/builds/worker-3/target:/opt/rustwide/target:rw,Z" "-v" "/var/lib/crater-agent-workspace/builds/worker-3/source:/opt/rustwide/workdir:ro,Z" "-v" "/var/lib/crater-agent-workspace/cargo-home:/opt/rustwide/cargo-home:ro,Z" "-v" "/var/lib/crater-agent-workspace/rustup-home:/opt/rustwide/rustup-home:ro,Z" "-e" "SOURCE_DIR=/opt/rustwide/workdir" "-e" "CARGO_TARGET_DIR=/opt/rustwide/target" "-e" "CARGO_HOME=/opt/rustwide/cargo-home" "-e" "RUSTUP_HOME=/opt/rustwide/rustup-home" "-w" "/opt/rustwide/workdir" "-m" "1610612736" "--user" "0:0" "--network" "none" "rustops/crates-build-env@sha256:d92eaeed33fa75130ca1ee6c8a01d1ffb62bac859dfdfb3450e3e5d1c0146529" "/opt/rustwide/cargo-home/bin/cargo" "+72f88fc4e9458f89516a0b8b0868f3718aec5b47" "metadata" "--no-deps" "--format-version=1", kill_on_drop: false }`
[INFO] [stdout] d8558f0be24db2f087f73bb26b5a8cdcf0c951024ce145f9e1494ebc09f0a9fd
[INFO] [stderr] WARNING: Your kernel does not support swap limit capabilities or the cgroup is not mounted. Memory limited without swap.
[INFO] running `Command { std: "docker" "start" "-a" "d8558f0be24db2f087f73bb26b5a8cdcf0c951024ce145f9e1494ebc09f0a9fd", kill_on_drop: false }`
[INFO] running `Command { std: "docker" "inspect" "d8558f0be24db2f087f73bb26b5a8cdcf0c951024ce145f9e1494ebc09f0a9fd", kill_on_drop: false }`
[INFO] running `Command { std: "docker" "rm" "-f" "d8558f0be24db2f087f73bb26b5a8cdcf0c951024ce145f9e1494ebc09f0a9fd", kill_on_drop: false }`
[INFO] [stdout] d8558f0be24db2f087f73bb26b5a8cdcf0c951024ce145f9e1494ebc09f0a9fd
[INFO] running `Command { std: "docker" "create" "-v" "/var/lib/crater-agent-workspace/builds/worker-3/target:/opt/rustwide/target:rw,Z" "-v" "/var/lib/crater-agent-workspace/builds/worker-3/source:/opt/rustwide/workdir:ro,Z" "-v" "/var/lib/crater-agent-workspace/cargo-home:/opt/rustwide/cargo-home:ro,Z" "-v" "/var/lib/crater-agent-workspace/rustup-home:/opt/rustwide/rustup-home:ro,Z" "-e" "SOURCE_DIR=/opt/rustwide/workdir" "-e" "CARGO_TARGET_DIR=/opt/rustwide/target" "-e" "CARGO_INCREMENTAL=0" "-e" "RUST_BACKTRACE=full" "-e" "RUSTFLAGS=--cap-lints=forbid" "-e" "CARGO_HOME=/opt/rustwide/cargo-home" "-e" "RUSTUP_HOME=/opt/rustwide/rustup-home" "-w" "/opt/rustwide/workdir" "-m" "1610612736" "--user" "0:0" "--network" "none" "rustops/crates-build-env@sha256:d92eaeed33fa75130ca1ee6c8a01d1ffb62bac859dfdfb3450e3e5d1c0146529" "/opt/rustwide/cargo-home/bin/cargo" "+72f88fc4e9458f89516a0b8b0868f3718aec5b47" "check" "--frozen" "--all" "--all-targets" "--message-format=json", kill_on_drop: false }`
[INFO] [stdout] 22352a4753a34edf3056e523c389079623aeef152dd0c8a4d8267fb09bd0c56a
[INFO] [stderr] WARNING: Your kernel does not support swap limit capabilities or the cgroup is not mounted. Memory limited without swap.
[INFO] running `Command { std: "docker" "start" "-a" "22352a4753a34edf3056e523c389079623aeef152dd0c8a4d8267fb09bd0c56a", kill_on_drop: false }`
[INFO] [stderr]     Checking libc v0.2.32
[INFO] [stderr]     Checking rand v0.3.17
[INFO] [stderr]     Checking guessing_game v0.1.0 (/opt/rustwide/workdir)
[INFO] [stdout] error[E0425]: cannot find function `random_comparison_win` in this scope
[INFO] [stdout]   --> src/main.rs:62:15
[INFO] [stdout]    |
[INFO] [stdout] 62 |     let result = random_comparison_win(num, num);
[INFO] [stdout]    |                  ^^^^^^^^^^^^^^^^^^^^^ not found in this scope
[INFO] [stdout]    |
[INFO] [stdout] help: consider importing this function
[INFO] [stdout]    |
[INFO] [stdout] 60 |     use random_comparison_win;
[INFO] [stdout]    |
[INFO] [stdout] 
[INFO] [stdout] 
[INFO] [stdout] error[E0425]: cannot find value `YAY` in this scope
[INFO] [stdout]   --> src/main.rs:63:25
[INFO] [stdout]    |
[INFO] [stdout] 63 |         assert_eq!(result, YAY);
[INFO] [stdout]    |                            ^^^ not found in this scope
[INFO] [stdout]    |
[INFO] [stdout] help: consider importing this constant
[INFO] [stdout]    |
[INFO] [stdout] 60 |     use YAY;
[INFO] [stdout]    |
[INFO] [stdout] 
[INFO] [stdout] 
[INFO] [stdout] error[E0425]: cannot find function `random_comparison_win` in this scope
[INFO] [stdout]   --> src/main.rs:69:15
[INFO] [stdout]    |
[INFO] [stdout] 69 |     let result = random_comparison_win(num, other_num);
[INFO] [stdout]    |                  ^^^^^^^^^^^^^^^^^^^^^ not found in this scope
[INFO] [stdout]    |
[INFO] [stdout] help: consider importing this function
[INFO] [stdout]    |
[INFO] [stdout] 60 |     use random_comparison_win;
[INFO] [stdout]    |
[INFO] [stdout] 
[INFO] [stdout] 
[INFO] [stdout] error[E0425]: cannot find value `YAY` in this scope
[INFO] [stdout]   --> src/main.rs:70:21
[INFO] [stdout]    |
[INFO] [stdout] 70 |     assert_ne!(result, YAY);
[INFO] [stdout]    |                        ^^^ not found in this scope
[INFO] [stdout]    |
[INFO] [stdout] help: consider importing this constant
[INFO] [stdout]    |
[INFO] [stdout] 60 |     use YAY;
[INFO] [stdout]    |
[INFO] [stdout] 
[INFO] [stdout] 
[INFO] [stdout] error[E0599]: no method named `gen_range` found for struct `ThreadRng` in the current scope
[INFO] [stdout]    --> src/main.rs:61:36
[INFO] [stdout]     |
[INFO] [stdout] 61  |     let num: u32 = rand::thread_rng().gen_range(1, 101);
[INFO] [stdout]     |                                       ^^^^^^^^^ method not found in `ThreadRng`
[INFO] [stdout]     | 
[INFO] [stdout]    ::: /opt/rustwide/cargo-home/registry/src/github.com-1ecc6299db9ec823/rand-0.3.17/src/lib.rs:502:8
[INFO] [stdout]     |
[INFO] [stdout] 502 |     fn gen_range<T: PartialOrd + SampleRange>(&mut self, low: T, high: T) -> T where Self: Sized {
[INFO] [stdout]     |        --------- the method is available for `Box<ThreadRng>` here
[INFO] [stdout]     |
[INFO] [stdout]     = help: items from traits can only be used if the trait is in scope
[INFO] [stdout]     = note: the following trait is implemented but not in scope; perhaps add a `use` for it:
[INFO] [stdout]             `use rand::Rng;`
[INFO] [stdout] 
[INFO] [stdout] 
[INFO] [stdout] error[E0599]: no method named `gen_range` found for struct `ThreadRng` in the current scope
[INFO] [stdout]    --> src/main.rs:67:36
[INFO] [stdout]     |
[INFO] [stdout] 67  |     let num: u32 = rand::thread_rng().gen_range(1, 101);
[INFO] [stdout]     |                                       ^^^^^^^^^ method not found in `ThreadRng`
[INFO] [stdout]     | 
[INFO] [stdout]    ::: /opt/rustwide/cargo-home/registry/src/github.com-1ecc6299db9ec823/rand-0.3.17/src/lib.rs:502:8
[INFO] [stdout]     |
[INFO] [stdout] 502 |     fn gen_range<T: PartialOrd + SampleRange>(&mut self, low: T, high: T) -> T where Self: Sized {
[INFO] [stdout]     |        --------- the method is available for `Box<ThreadRng>` here
[INFO] [stdout]     |
[INFO] [stdout]     = help: items from traits can only be used if the trait is in scope
[INFO] [stdout]     = note: the following trait is implemented but not in scope; perhaps add a `use` for it:
[INFO] [stdout]             `use rand::Rng;`
[INFO] [stdout] 
[INFO] [stdout] 
[INFO] [stdout] error: aborting due to 6 previous errors
[INFO] [stdout] 
[INFO] [stdout] 
[INFO] [stdout] Some errors have detailed explanations: E0425, E0599.
[INFO] [stdout] 
[INFO] [stdout] For more information about an error, try `rustc --explain E0425`.
[INFO] [stdout] 
[INFO] [stderr] error: could not compile `guessing_game`.
[INFO] [stderr] 
[INFO] [stderr] To learn more, run the command again with --verbose.
[INFO] running `Command { std: "docker" "inspect" "22352a4753a34edf3056e523c389079623aeef152dd0c8a4d8267fb09bd0c56a", kill_on_drop: false }`
[INFO] running `Command { std: "docker" "rm" "-f" "22352a4753a34edf3056e523c389079623aeef152dd0c8a4d8267fb09bd0c56a", kill_on_drop: false }`
[INFO] [stdout] 22352a4753a34edf3056e523c389079623aeef152dd0c8a4d8267fb09bd0c56a
